{"id":933,"date":"2020-02-19T15:47:20","date_gmt":"2020-02-19T13:47:20","guid":{"rendered":"https:\/\/alulakool.edu.ee\/?page_id=933"},"modified":"2026-03-01T11:05:40","modified_gmt":"2026-03-01T09:05:40","slug":"kooli-dokumendid","status":"publish","type":"page","link":"https:\/\/alulakool.edu.ee\/?page_id=933","title":{"rendered":"Kooli dokumendid"},"content":{"rendered":"<p>Siit on leitavad k\u00f5ik kooli puudutavad dokumendid:<\/p>\r\n<p><a href=\"https:\/\/alulakool.edu.ee\/wp-content\/uploads\/2025\/04\/Vaikelahendused-Rapla-valla-HEV-opilaste-integreerimiseks-tavakoolidesse.pdf\">V\u00e4ikelahendused Rapla valla HEV \u00f5pilaste integreerimiseks tavakoolidesse<\/a><\/p>\r\n<p><a href=\"https:\/\/alulakool.edu.ee\/wp-content\/uploads\/2024\/05\/Alu-Kooli-hadaolukorra-lahendamise-plaan-2024.doc\">Alu Kooli h\u00e4daolukorra lahendamise plaan 2024<\/a><\/p>\r\n<p><a href=\"https:\/\/alulakool.edu.ee\/wp-content\/uploads\/2024\/05\/Alu-Kooli-palgakorralduse-alused-2024.doc\">Alu Kooli palgakorralduse alused 2024<\/a><\/p>\r\n<p><a href=\"https:\/\/alulakool.edu.ee\/wp-content\/uploads\/2025\/11\/Alu-Kooli-KODUKORD-2025.docx-1.pdf\">Alu Kooli kodukord 2025<\/a><\/p>\r\n<p><a href=\"https:\/\/alulakool.edu.ee\/wp-content\/uploads\/2025\/10\/Alu-Kooli-paevakava-2025-2026.pdf\">Alu Kooli p\u00e4evakava 2025\/2026<\/a><\/p>\r\n<p><a href=\"https:\/\/alulakool.edu.ee\/wp-content\/uploads\/2022\/06\/AVALIKU-KONKURSI-KORD-PEDAGOOGI-VABALE-AMETIKOHALE-hoolekogu-kehtestusega.doc\">AVALIKU KONKURSI KORD PEDAGOOGI VABALE AMETIKOHALE hoolekogu kehtestusega<\/a><\/p>\r\n<p><a href=\"https:\/\/alulakool.edu.ee\/wp-content\/uploads\/2025\/10\/Uldtooplaan-2025-2026.docx-1.pdf\" rel=\"attachment wp-att-2802\">U\u0308ldto\u0308o\u0308plaan 2025-2026.docx<\/a><\/p>\r\n<p><a href=\"https:\/\/alulakool.edu.ee\/wp-content\/uploads\/2024\/12\/Alu-Kooli-arengukava-2024-2028.pdf\">Alu Kooli arengukava 2024-2028<\/a><\/p>\r\n<p><a href=\"https:\/\/alulakool.edu.ee\/?attachment_id=3082\" rel=\"attachment wp-att-3082\">Alu Kooli o\u0303ppekava u\u0308ldosa ja ainekavad 02.02.2026<\/a><\/p>\r\n<p><a href=\"https:\/\/alulakool.edu.ee\/wp-content\/uploads\/2020\/09\/Elukohaj\u00e4rgse-munitsipaalkooli-m\u00e4\u00e4ramise-tingimused-ja-kord.pdf\">Elukohaj\u00e4rgse-munitsipaalkooli-m\u00e4\u00e4ramise-tingimused-ja-kord<\/a><\/p>\r\n<p><a href=\"https:\/\/alulakool.edu.ee\/wp-content\/uploads\/2021\/05\/\u00d5ppekava-v\u00e4ljav\u00f5te-meetmed-ja-tugiteenused.docx\">Alu Kooli \u00f5pilaste juhendamise ja hariduslike erivajadustega \u00f5pilaste \u00f5ppekorralduse p\u00f5him\u00f5tted, tugiteenuste rakendamise kord<\/a><\/p>\r\n<p><a href=\"https:\/\/alulakool.edu.ee\/wp-content\/uploads\/2020\/09\/Esimeses-klassis-vajaminevad-\u00f5ppevahendid-1.doc\">Esimeses klassis vajaminevad \u00f5ppevahendid<\/a><\/p>\r\n<p><a href=\"https:\/\/alulakool.edu.ee\/wp-content\/uploads\/2020\/09\/2.-4.-klassi-vastuv\u00f5tu-taotlus.doc\">2.-4.klassi vastuv\u00f5tutaotlus<\/a><\/p>\r\n<p><a href=\"https:\/\/alulakool.edu.ee\/wp-content\/uploads\/2020\/09\/1.-klassi-vastuv\u00f5tu-taotlus.doc\">1.klassi vastuv\u00f5tutaotlus<\/a><\/p>\r\n<p><a href=\"https:\/\/www.riigiteataja.ee\/akt\/406122024047\">Alu Kooli \u00f5pilaste vastuv\u00f5tmise tingimused ja kord Riigi Teataja<\/a><\/p>\r\n<p><a href=\"https:\/\/alulakool.edu.ee\/wp-content\/uploads\/2020\/11\/Volikogu-M\u00c4\u00c4RUS-nr-13_29.06.2017-P\u00f5him\u00e4\u00e4rus.pdf\">Alu Kooli P\u00f5him\u00e4\u00e4rus<\/a><\/p>\r\n<p><a href=\"https:\/\/alulakool.edu.ee\/wp-content\/uploads\/2021\/03\/Distants\u00f5ppele-\u00fclemineku-otsustamine.pdf\">Alu Kooli kodukorra lisa &#8220;Distants\u00f5ppele \u00fclemineku otsustamine&#8230;&#8221;<\/a><\/p>\r\n<p><a href=\"https:\/\/alulakool.edu.ee\/wp-content\/uploads\/2025\/03\/Sisehindamise-aruanne-2024-veebr-2.docx\">Alu Kooli sisehindamise aruanne 2024<\/a><\/p>\r\n<p><a href=\"https:\/\/alulakool.edu.ee\/wp-content\/uploads\/2021\/05\/Alu-Kooli-personali-arendamise-ja-koolitamise-kord-ja-arenguvestluste-kord.pdf\">Alu Kooli personali arendamise ja koolitamise kord, arenguvestluste kord<\/a><\/p>\r\n\r\n\r\n\r\n<p>&nbsp;<\/p>\r\n\r\n\r\n\r\n<p>&nbsp;<\/p>\r\n","protected":false},"excerpt":{"rendered":"<p>Siit on leitavad k\u00f5ik kooli puudutavad dokumendid: V\u00e4ikelahendused Rapla valla HEV \u00f5pilaste integreerimiseks tavakoolidesse Alu Kooli h\u00e4daolukorra lahendamise plaan 2024 Alu Kooli palgakorralduse alused 2024 Alu Kooli kodukord 2025 Alu Kooli p\u00e4evakava 2025\/2026 AVALIKU KONKURSI KORD PEDAGOOGI VABALE AMETIKOHALE hoolekogu kehtestusega U\u0308ldto\u0308o\u0308plaan 2025-2026.docx Alu Kooli arengukava 2024-2028 Alu Kooli o\u0303ppekava u\u0308ldosa ja ainekavad 02.02.2026 Elukohaj\u00e4rgse-munitsipaalkooli-m\u00e4\u00e4ramise-tingimused-ja-kord [&hellip;]<\/p>\n","protected":false},"author":2,"featured_media":0,"parent":0,"menu_order":0,"comment_status":"closed","ping_status":"closed","template":"","meta":{"footnotes":""},"class_list":["post-933","page","type-page","status-publish","hentry"],"_links":{"self":[{"href":"https:\/\/alulakool.edu.ee\/index.php?rest_route=\/wp\/v2\/pages\/933","targetHints":{"allow":["GET"]}}],"collection":[{"href":"https:\/\/alulakool.edu.ee\/index.php?rest_route=\/wp\/v2\/pages"}],"about":[{"href":"https:\/\/alulakool.edu.ee\/index.php?rest_route=\/wp\/v2\/types\/page"}],"author":[{"embeddable":true,"href":"https:\/\/alulakool.edu.ee\/index.php?rest_route=\/wp\/v2\/users\/2"}],"replies":[{"embeddable":true,"href":"https:\/\/alulakool.edu.ee\/index.php?rest_route=%2Fwp%2Fv2%2Fcomments&post=933"}],"version-history":[{"count":66,"href":"https:\/\/alulakool.edu.ee\/index.php?rest_route=\/wp\/v2\/pages\/933\/revisions"}],"predecessor-version":[{"id":3084,"href":"https:\/\/alulakool.edu.ee\/index.php?rest_route=\/wp\/v2\/pages\/933\/revisions\/3084"}],"wp:attachment":[{"href":"https:\/\/alulakool.edu.ee\/index.php?rest_route=%2Fwp%2Fv2%2Fmedia&parent=933"}],"curies":[{"name":"wp","href":"https:\/\/api.w.org\/{rel}","templated":true}]}}