{"id":2616,"date":"2025-05-02T22:00:11","date_gmt":"2025-05-02T19:00:11","guid":{"rendered":"https:\/\/alulakool.edu.ee\/?page_id=2616"},"modified":"2026-05-07T15:44:42","modified_gmt":"2026-05-07T12:44:42","slug":"menuu-kool","status":"publish","type":"page","link":"https:\/\/alulakool.edu.ee\/?page_id=2616","title":{"rendered":"N\u00e4dalamen\u00fc\u00fc"},"content":{"rendered":"<p><img loading=\"lazy\" decoding=\"async\" class=\"alignnone size-large wp-image-3157\" src=\"https:\/\/alulakool.edu.ee\/wp-content\/uploads\/2026\/04\/KOOLI-menuu-04.05-08.05.26-1024x624.png\" alt=\"\" width=\"1024\" height=\"624\" srcset=\"https:\/\/alulakool.edu.ee\/wp-content\/uploads\/2026\/04\/KOOLI-menuu-04.05-08.05.26-1024x624.png 1024w, https:\/\/alulakool.edu.ee\/wp-content\/uploads\/2026\/04\/KOOLI-menuu-04.05-08.05.26-300x183.png 300w, https:\/\/alulakool.edu.ee\/wp-content\/uploads\/2026\/04\/KOOLI-menuu-04.05-08.05.26-768x468.png 768w, https:\/\/alulakool.edu.ee\/wp-content\/uploads\/2026\/04\/KOOLI-menuu-04.05-08.05.26.png 1096w\" sizes=\"auto, (max-width: 1024px) 100vw, 1024px\" \/><\/p>\n<p><img loading=\"lazy\" decoding=\"async\" class=\"alignnone size-large wp-image-3162\" src=\"https:\/\/alulakool.edu.ee\/wp-content\/uploads\/2026\/05\/KOOLI-menuu-11.05-15.05.26-1024x655.png\" alt=\"\" width=\"1024\" height=\"655\" srcset=\"https:\/\/alulakool.edu.ee\/wp-content\/uploads\/2026\/05\/KOOLI-menuu-11.05-15.05.26-1024x655.png 1024w, https:\/\/alulakool.edu.ee\/wp-content\/uploads\/2026\/05\/KOOLI-menuu-11.05-15.05.26-300x192.png 300w, https:\/\/alulakool.edu.ee\/wp-content\/uploads\/2026\/05\/KOOLI-menuu-11.05-15.05.26-768x491.png 768w, https:\/\/alulakool.edu.ee\/wp-content\/uploads\/2026\/05\/KOOLI-menuu-11.05-15.05.26.png 1095w\" sizes=\"auto, (max-width: 1024px) 100vw, 1024px\" \/><\/p>\n","protected":false},"excerpt":{"rendered":"","protected":false},"author":2,"featured_media":0,"parent":80,"menu_order":1,"comment_status":"closed","ping_status":"closed","template":"","meta":{"footnotes":""},"class_list":["post-2616","page","type-page","status-publish","hentry"],"_links":{"self":[{"href":"https:\/\/alulakool.edu.ee\/index.php?rest_route=\/wp\/v2\/pages\/2616","targetHints":{"allow":["GET"]}}],"collection":[{"href":"https:\/\/alulakool.edu.ee\/index.php?rest_route=\/wp\/v2\/pages"}],"about":[{"href":"https:\/\/alulakool.edu.ee\/index.php?rest_route=\/wp\/v2\/types\/page"}],"author":[{"embeddable":true,"href":"https:\/\/alulakool.edu.ee\/index.php?rest_route=\/wp\/v2\/users\/2"}],"replies":[{"embeddable":true,"href":"https:\/\/alulakool.edu.ee\/index.php?rest_route=%2Fwp%2Fv2%2Fcomments&post=2616"}],"version-history":[{"count":48,"href":"https:\/\/alulakool.edu.ee\/index.php?rest_route=\/wp\/v2\/pages\/2616\/revisions"}],"predecessor-version":[{"id":3163,"href":"https:\/\/alulakool.edu.ee\/index.php?rest_route=\/wp\/v2\/pages\/2616\/revisions\/3163"}],"up":[{"embeddable":true,"href":"https:\/\/alulakool.edu.ee\/index.php?rest_route=\/wp\/v2\/pages\/80"}],"wp:attachment":[{"href":"https:\/\/alulakool.edu.ee\/index.php?rest_route=%2Fwp%2Fv2%2Fmedia&parent=2616"}],"curies":[{"name":"wp","href":"https:\/\/api.w.org\/{rel}","templated":true}]}}